e
Let g = 7 + -5. Suppose -15 = -5*o, -z + g*o = -6*z + 1321. Is z a composite number?
False
Let i be (-16)/(-32) - 87/2. Let d = i + 108. Suppose -f + 0*f = -d. Is f a prime number?
False
Suppose 4*y + 27581 = 5*h, 8*y = -h + 3*y + 5493. Is h a composite number?
True
Let x = -7310 + 10309. Is x composite?
False
Let j be ((-45)/(-75))/(2/10). Suppose j*h - 425 = 1549. Suppose -d - d = -h. Is d prime?
False
Suppose 21833 = 11*y + 3606. Is y composite?
False
Suppose 6*q = 9*q + 4911. Is q*(3 - 12/3) a composite number?
False
Let x(w) = -w - 12. Let y be x(-14). Suppose j = y*j - 4, -17 = -3*i - 5*j. Is 35*(i + 2) - -2 composite?
False
Let m be 665/7*(-14)/(-5). Suppose 3*h + 2*q - 85 - m = 0, 0 = h - 4*q - 103. Suppose -3*y + 2*y + h = 0. Is y composite?
True
Let m(a) = 169*a + 6. Let b(x) = 339*x + 11. Let k(j) = 3*b(j) - 5*m(j). Is k(2) a composite number?
False
Suppose -137665 = 96*s - 101*s. Is s prime?
False
Let p(o) = -o**3 - 27*o**2 - 64*o + 9. Is p(-26) composite?
False
Let p(s) = -s**3 + 6*s**2 - s + 11. Let l be p(6). Suppose 0 = -4*j + 4*m + 736, -3*j + 0*m + l*m + 562 = 0. Is j a prime number?
True
Let a(w) = -w**3 - 6*w**2 - w + 4. Let k be a(-6). Let p = k + -10. Suppose 0 = -2*u - p*u + 134. Is u prime?
True
Suppose -3*r = -19729 + 2830. Is r a prime number?
False
Let c = 2166 + -1483. Is c prime?
True
Suppose 381 = 4*j - 3*j + 4*d, -3*j + 1117 = -d. Is j prime?
True
Suppose -18 = 4*t - 2*j - 2, -5*t - 5 = 5*j. Let i(c) = 138*c**2 - 4*c + 1. Is i(t) a prime number?
False
Let s be 7 - (0/3 - -4). Let z(y) = -5 + 2*y**3 + 4 - 8*y - 5 - y**s + 2*y**2. Is z(7) a composite number?
False
Let j(m) = m**3 + 3*m**2 - 6*m - 6. Let s be j(-4). Suppose 3*c = -5*t - 42, -3*c + 6 - 30 = s*t. Is (9 + -6)/(t/(-794)) composite?
False
Let g(y) be the first derivative of -95*y**4 + 3*y**2/2 + 2*y + 1. Is g(-1) a composite number?
False
Suppose -10787 = -5*y + 3*j, -2*y = -5*j - 1014 - 3316. Is y composite?
True
Suppose -4 = -2*h + 5*g, 0*h + 2*h + 4*g = 4. Let b = 5 - h. Is b/(5/(5570/6)) a composite number?
False
Suppose -35*m + 40*m = 20. Is 1208 + (1 - 1) - (1 - m) prime?
False
Let x(h) = h**2 + 9*h - 22. Let p be x(6). Let l = p + -21. Is l composite?
False
Let u(x) = -110*x - 29. Let h(b) = -b**3 + 10*b**2 - 12*b + 13. Let l be h(9). Is u(l) a prime number?
True
Let c be 88/(-24) + 3 - (-3851)/3. Suppose 3*h + 4*r + r - 926 = 0, 4*h - 3*r - c = 0. Is h prime?
True
Let h(m) = -m**3 - 9*m**2 + 10*m - 5. Let s be h(-9). Let z = 486 - s. Is z a composite number?
True
Let m be 6 + (2 + 1 - 0). Let y(l) be the third derivative of l**6/120 - 7*l**5/60 - 5*l**4/24 + 5*l**3/3 + 2*l**2. Is y(m) a composite number?
False
Suppose -t - 4*x = -6*x + 1, 10 = 5*x. Suppose -t*a + 576 = -a + 3*d, -3*d = -a + 297. Is a prime?
False
Let h(s) = s**3 - 5*s**2 - 9*s - 8. Let c be h(8). Let v = -24 - -87. Let d = c - v. Is d prime?
False
Suppose 3*w - 2*w + 2 = 0. Let h be 3 - 4 - (-6)/(-2). Is w*(182/h)/1 prime?
False
Let v(q) be the second derivative of -4*q**3 - 4*q - 1/2*q**2 + 0. Is v(-1) a composite number?
False
Suppose 519 = -3*c - 3*y, -831 = 4*c - 4*y - 107. Let r be c/(-15) - (-2)/10. Let j(t) = t**3 - 12*t**2 + 7*t + 1. Is j(r) prime?
False
Let d(b) = -408*b - 193. Is d(-12) a composite number?
False
Suppose -5*l = -2*l. Suppose -2*n + 6*n + 852 = l. Let f = -136 - n. Is f composite?
True
Let r(j) = -2*j**3 + 6*j - 3 + 2 + 1 - 2*j**2 + 3. Let n be r(-5). Suppose 770 = 2*w + 4*t, -4*t - n = 4*w - 1701. Is w a prime number?
True
Let t = -18 + 18. Let d(p) = p**3 - p**2 - 4*p + 1759. Is d(t) a composite number?
False
Let r(k) = -2*k**3 - 13*k**2 + 27*k - 5. Is r(-11) prime?
True
Let a be (1 - (1 + 2 + -4))/1. Suppose 2*k + 2*j - 804 = 0, -a*k = -6*k + 5*j + 1599. Is k composite?
False
Let k = -285 - -94. Let m = k - -348. Is m composite?
False
Suppose -23368 = -2*h + 45034. Is h a prime number?
False
Suppose 59 + 88 = 7*q. Let b(m) = -m**2 + 35*m - 20. Is b(q) a composite number?
True
Let t = 37163 + -21396. Is t composite?
False
Suppose 2*i = -2*i - 3820. Is 10*(-1)/(10/i) prime?
False
Let y be (2/(-8)*33)/((-3)/232). Suppose -4*b - y = -2562. Is b a composite number?
True
Let a(d) = 333*d**3 + 3*d**2 + 19*d - 41. Is a(6) composite?
False
Suppose 3*o = -y + 1456, 0 = o - 4*y - 507 + 26. Is o prime?
False
Suppose -k - 6609 = -4*k. Is k prime?
True
Let r be 2 - 3 - 684/2. Let s = 2476 + r. Suppose -3*p - 2*f + 777 + 1352 = 0, s = 3*p + 3*f. Is p a composite number?
True
Let a be 4/(-12) - (-1 + (-904)/3). Suppose -q = -671 - a. Is q a prime number?
False
Suppose 5*r - 1 = -5*s - 6, -4*s - r - 10 = 0. Let a(h) = -228*h - 15. Is a(s) a prime number?
False
Suppose -21*h + 19*h = -16574. Is h prime?
True
Suppose -1223300 = 93*a - 2899067. Is a a prime number?
False
Suppose -5*k - 97 = -9062. Suppose -2*i + 707 = -0*w + 5*w, -k = -5*i - 4*w. Is i a prime number?
False
Suppose 4*i = -x + 10532, -5*x + 4205 = -3*i + 12104. Is i composite?
False
Let a be ((-2)/(-4))/(8/(-7216)). Let v = 662 + a. Is v composite?
False
Let v = -16 - 61. Let b = v + 174. Is b a prime number?
True
Let k(r) = 121*r - 1. Let q be k(1). Let b be (37/(-1))/(-1) - (-6 + 2). Let m = q + b. Is m a prime number?
False
Let m(w) = -2*w**3 + 11*w**2 - 15*w - 17. Is m(-9) a composite number?
False
Let y = -33 + 41. Suppose -3*l = -y*l + 6410. Is l prime?
False
Let m = 306 + 843. Is m composite?
True
Let h(p) = -2*p**2 - 30*p - 2. Let a be h(-15). Is (a + 2 - 1)*(-11 - 1202) composite?
False
Let a = 347 + 924. Is a prime?
False
Is -11*2*(-23)/2 composite?
True
Let t(h) = -131*h + 22. Let m be (-66)/12 + -1 + 3/2. Is t(m) a prime number?
True
Let w be (2/(-8))/(7/(-868)). Suppose 107 - w = 4*v. Is v composite?
False
Suppose 0*q = q. Let n(u) = -60*u**3 + 2*u**2 + 5*u + 2. Let s be n(-2). Suppose 5*z - r - 579 = q, s = 4*z - r - 4*r. Is z a prime number?
False
Is (71418*(-3)/6)/(6/(-2)) prime?
True
Let a(o) = o - 7. Let n be a(7). Suppose n = 5*v + w - 40, -w = v - 2*w - 8. Suppose v*l - 4*b - 339 = 3*l, -3*b = -12. Is l prime?
True
Let x be (72/30)/(2/10). Let i be (-4)/16 + 27/x. Suppose -y = y + i*d - 174, 4*y - 344 = -5*d. Is y a prime number?
False
Let u = -621 + 1634. Suppose a = -3*m + 3*a + u, -m + 3*a = -326. Is m composite?
True
Let o(n) = 8 - 3*n - 3*n + 5*n. Let v be o(-7). Let r(f) = -f**2 + 21*f - 1. Is r(v) a prime number?
True
Let y(q) = -q**2 - 2 + 16*q - 10 + 2. Let l be y(11). Suppose -4*a = 5*h - 201, -l - 54 = -2*a - h. Is a a prime number?
False
Let p = 439 - 680. Let f = p - -71. Let x = f + 364. Is x prime?
False
Let x(g) = -53*g**3 - g**2 - 2*g + 6. Let h be x(-3). Suppose 0 = -3*z - 5*f + 2125, 2*f - 3*f - h = -2*z. Suppose 5*y - z = -0*y. Is y prime?
False
Suppose 3*n - 3*p = 294804, -2*n + 42097 = 5*p - 154404. Is n composite?
True
Suppose -10*i = -8*i + 5*m - 422, -2*i - 2*m = -410. Is i composite?
True
Let k(d) = d + 10. Let f(a) = -a**3 - a**2 + a + 1. Let v be f(2). Let o be k(v). Is 1*-3 - (-497 + o) a prime number?
False
Let o(t) = -2*t**3 + 3*t + 1. Let g be (-4)/((-8)/(-2)) - 2. Is o(g) composite?
True
Suppose c + i = -12, 2*i - 4 = 6. Let k = -7 - c. Is 680/16*8/k composite?
True
Suppose 6*c = 1460 + 13558. Is c a composite number?
False
Let z(v) = -9*v**3 - 4*v**2 - v - 8. Let l be z(4). Let r = -275 - l. Is r a prime number?
False
Suppose -4*y = -14 - 6. Suppose 0*d - 4*r = -2*d - 106, d + 68 = y*r. Is (d/2)/((-9)/18) a prime number?
True
Let x(k) = k - 10. Let w be x(8). Is ((-42)/(-12))/(w/(-1396)) a composite number?
True
Suppose 2*l - 2460 = -3*i + 1739, -3*i + l + 4196 = 0. Is i composite?
False
Suppose 3*w - 2*x = 880, -3*x = -1 - 2. Suppose -4*m = -3*d - 1223, -23 + 8 = 3*d. Suppose 0 = -v - v - p + w, 0 = 2*v + 3*p - m. Is v composite?
True
Let n be 2436/24*(6 - 2). Suppose 2*w - 2*s = 52 + 780, -w - s = -n. Is w a composite number?
True
Let t(v) = -11*v**2 - 4*v. Let p be t(3). Let c = 53 - 56. Is p/2*2/c composite?
False
Suppose -2*q + 0 - 41 = 3*b, -4*b = 4*q + 56. Let g(r) = r**3 + 13*r**2 - 6*r - 9. Is g(b) composite?
True
Suppose -7*c - 3*z = -8*c + 9, 0 = -z - 3. Let k(u) = 4*u + 1199. Is k(c) prime?
False
Let k(s) = -s**2 + 4*s + 6. Let q be k(3). Suppose 1012 = -q*c + 13*c. Is c composite?
True
Let r = 28128 - -34967. Is r a composite number?
